{"id":501,"date":"2018-03-18T17:17:10","date_gmt":"2018-03-18T16:17:10","guid":{"rendered":"http:\/\/www.lesenfantsdarto.be\/ledao\/?page_id=501"},"modified":"2018-04-26T20:30:02","modified_gmt":"2018-04-26T19:30:02","slug":"casting","status":"publish","type":"page","link":"https:\/\/www.lesenfantsdarto.be\/ledao\/casting\/","title":{"rendered":"casting"},"content":{"rendered":"<h2><span style=\"color: #ffffff;\">\u00ab Casting et cie \u00bb<\/span><\/h2>\n<p>&nbsp;<\/p>\n<h3><span style=\"color: #ffffff;\"><u>R\u00e9sum\u00e9 <\/u><\/span><\/h3>\n<p><span style=\"color: #ffffff;\">L&rsquo;atelier th\u00e9\u00e2tre enfants vous pr\u00e9sente leur spectacle.<br \/>\n\u00ab Casting \u00bb de Eric Beauvillain: nos com\u00e9diens en herbe passent un casting d\u00e9jant\u00e9 pour un film au cin\u00e9ma.<br \/>\nSuivi d&rsquo;une autre courte pi\u00e8ce o\u00f9 ils nous font d\u00e9couvrir la vie secr\u00e8te des statues d&rsquo;un c\u00e9l\u00e8bre mus\u00e9e.<\/span><\/p>\n<p>&nbsp;<\/p>\n<h3><span style=\"color: #ffffff;\"><u><span style=\"color: #ffffff;\">Mise en sc\u00e8ne: Anne-Sophie et C\u00e9line Cambier.<\/span> <\/u><\/span><br \/>\n<u><\/u><\/h3>\n<p><span style=\"color: #ffffff;\">Le dimanche 13 mai \u00e0 13h00<\/span><br \/>\n<span style=\"color: #ffffff;\"> \u00e0 la salle Forum du Coll\u00e8ge Notre-Dame rue Blandinoise, 23 \u00e0 Tournai<\/span><\/p>\n<p><span style=\"color: #ffffff;\">Entr\u00e9e payante:<\/span><br \/>\n<span style=\"color: #ffffff;\"> &#8211; enfants : 3,00 \u20ac<\/span><br \/>\n<span style=\"color: #ffffff;\"> &#8211; \u00e9tudiants : 5,00 \u20ac<\/span><br \/>\n<span style=\"color: #ffffff;\"> &#8211; adultes : 7,00 \u20ac<\/span><\/p>\n<p><span style=\"color: #ffffff;\">Entr\u00e9e gratuite pour les membres de la Mj Port&rsquo;Ouverte et Luch&rsquo;Ouverte.<\/span><\/p>\n<p><span style=\"color: #ffffff;\">Info: info@lesenfantsdarto.be<\/span><\/p>\n<p><img loading=\"lazy\" decoding=\"async\" class=\"alignleft wp-image-592\" src=\"https:\/\/www.lesenfantsdarto.be\/ledao\/wp-content\/uploads\/2018\/04\/fb-300x169.jpg\" alt=\"\" width=\"500\" height=\"281\" srcset=\"https:\/\/www.lesenfantsdarto.be\/ledao\/wp-content\/uploads\/2018\/04\/fb-300x169.jpg 300w, https:\/\/www.lesenfantsdarto.be\/ledao\/wp-content\/uploads\/2018\/04\/fb-768x432.jpg 768w, https:\/\/www.lesenfantsdarto.be\/ledao\/wp-content\/uploads\/2018\/04\/fb-1024x576.jpg 1024w, https:\/\/www.lesenfantsdarto.be\/ledao\/wp-content\/uploads\/2018\/04\/fb-620x349.jpg 620w, https:\/\/www.lesenfantsdarto.be\/ledao\/wp-content\/uploads\/2018\/04\/fb.jpg 1920w\" sizes=\"auto, (max-width: 500px) 100vw, 500px\" \/><\/p>\n<!-- AddThis Advanced Settings generic via filter on the_content --><!-- AddThis Share Buttons generic via filter on the_content -->","protected":false},"excerpt":{"rendered":"<p>\u00ab Casting et cie \u00bb &nbsp; R\u00e9sum\u00e9 L&rsquo;atelier th\u00e9\u00e2tre enfants vous pr\u00e9sente leur spectacle. \u00ab Casting \u00bb de Eric Beauvillain: nos com\u00e9diens en herbe passent un casting d\u00e9jant\u00e9 pour un film au cin\u00e9ma. Suivi d&rsquo;une autre courte pi\u00e8ce o\u00f9 ils nous font d\u00e9couvrir la vie secr\u00e8te des statues d&rsquo;un c\u00e9l\u00e8bre mus\u00e9e. &nbsp; Mise en sc\u00e8ne: [&hellip;]<!-- AddThis Advanced Settings generic via filter on get_the_excerpt --><!-- AddThis Share Buttons generic via filter on get_the_excerpt --><\/p>\n","protected":false},"author":1,"featured_media":0,"parent":0,"menu_order":0,"comment_status":"closed","ping_status":"closed","template":"","meta":{"footnotes":""},"class_list":["post-501","page","type-page","status-publish","hentry"],"_links":{"self":[{"href":"https:\/\/www.lesenfantsdarto.be\/ledao\/wp-json\/wp\/v2\/pages\/501","targetHints":{"allow":["GET"]}}],"collection":[{"href":"https:\/\/www.lesenfantsdarto.be\/ledao\/wp-json\/wp\/v2\/pages"}],"about":[{"href":"https:\/\/www.lesenfantsdarto.be\/ledao\/wp-json\/wp\/v2\/types\/page"}],"author":[{"embeddable":true,"href":"https:\/\/www.lesenfantsdarto.be\/ledao\/wp-json\/wp\/v2\/users\/1"}],"replies":[{"embeddable":true,"href":"https:\/\/www.lesenfantsdarto.be\/ledao\/wp-json\/wp\/v2\/comments?post=501"}],"version-history":[{"count":10,"href":"https:\/\/www.lesenfantsdarto.be\/ledao\/wp-json\/wp\/v2\/pages\/501\/revisions"}],"predecessor-version":[{"id":601,"href":"https:\/\/www.lesenfantsdarto.be\/ledao\/wp-json\/wp\/v2\/pages\/501\/revisions\/601"}],"wp:attachment":[{"href":"https:\/\/www.lesenfantsdarto.be\/ledao\/wp-json\/wp\/v2\/media?parent=501"}],"curies":[{"name":"wp","href":"https:\/\/api.w.org\/{rel}","templated":true}]}}

<h2><span style="color: #ffffff;">« Casting et cie »</span></h2>
<p>&nbsp;</p>
<h3><span style="color: #ffffff;"><u>Résumé </u></span></h3>
<p><span style="color: #ffffff;">L&rsquo;atelier théâtre enfants vous présente leur spectacle.<br />
« Casting » de Eric Beauvillain: nos comédiens en herbe passent un casting déjanté pour un film au cinéma.<br />
Suivi d&rsquo;une autre courte pièce où ils nous font découvrir la vie secrète des statues d&rsquo;un célèbre musée.</span></p>
<p>&nbsp;</p>
<h3><span style="color: #ffffff;"><u><span style="color: #ffffff;">Mise en scène: Anne-Sophie et Céline Cambier.</span> </u></span><br />
<u></u></h3>
<p><span style="color: #ffffff;">Le dimanche 13 mai à 13h00</span><br />
<span style="color: #ffffff;"> à la salle Forum du Collège Notre-Dame rue Blandinoise, 23 à Tournai</span></p>
<p><span style="color: #ffffff;">Entrée payante:</span><br />
<span style="color: #ffffff;"> &#8211; enfants : 3,00 €</span><br />
<span style="color: #ffffff;"> &#8211; étudiants : 5,00 €</span><br />
<span style="color: #ffffff;"> &#8211; adultes : 7,00 €</span></p>
<p><span style="color: #ffffff;">Entrée gratuite pour les membres de la Mj Port&rsquo;Ouverte et Luch&rsquo;Ouverte.</span></p>
<p><span style="color: #ffffff;">Info: info@lesenfantsdarto.be</span></p>
<p><img loading="lazy" decoding="async" class="alignleft wp-image-592" src="https://www.lesenfantsdarto.be/ledao/wp-content/uploads/2018/04/fb-300x169.jpg" alt="" width="500" height="281" srcset="https://www.lesenfantsdarto.be/ledao/wp-content/uploads/2018/04/fb-300x169.jpg 300w, https://www.lesenfantsdarto.be/ledao/wp-content/uploads/2018/04/fb-768x432.jpg 768w, https://www.lesenfantsdarto.be/ledao/wp-content/uploads/2018/04/fb-1024x576.jpg 1024w, https://www.lesenfantsdarto.be/ledao/wp-content/uploads/2018/04/fb-620x349.jpg 620w, https://www.lesenfantsdarto.be/ledao/wp-content/uploads/2018/04/fb.jpg 1920w" sizes="auto, (max-width: 500px) 100vw, 500px" /></p>
<!-- AddThis Advanced Settings generic via filter on the_content --><!-- AddThis Share Buttons generic via filter on the_content -->

<p>« Casting et cie » &nbsp; Résumé L&rsquo;atelier théâtre enfants vous présente leur spectacle. « Casting » de Eric Beauvillain: nos comédiens en herbe passent un casting déjanté pour un film au cinéma. Suivi d&rsquo;une autre courte pièce où ils nous font découvrir la vie secrète des statues d&rsquo;un célèbre musée. &nbsp; Mise en scène: [&hellip;]<!-- AddThis Advanced Settings generic via filter on get_the_excerpt --><!-- AddThis Share Buttons generic via filter on get_the_excerpt --></p>
