{"id":484,"date":"2018-03-18T16:39:01","date_gmt":"2018-03-18T15:39:01","guid":{"rendered":"http:\/\/www.lesenfantsdarto.be\/ledao\/?page_id=484"},"modified":"2018-04-26T20:29:30","modified_gmt":"2018-04-26T19:29:30","slug":"ainsi-soient-elles","status":"publish","type":"page","link":"https:\/\/www.lesenfantsdarto.be\/ledao\/ainsi-soient-elles\/","title":{"rendered":"ainsi-soient-elles"},"content":{"rendered":"<h2><span style=\"color: #ffffff;\">\u00ab Ainsi soient-elles? \u00bb une com\u00e9die de Eric Beauvillain.<\/span><\/h2>\n<p>&nbsp;<\/p>\n<h3><span style=\"color: #ffffff;\"><u>R\u00e9sum\u00e9 <\/u><\/span><\/h3>\n<p><span style=\"color: #ffffff;\">Des s\u0153urs vivent tranquillement dans un couvent. Mais un jour, elles re\u00e7oivent un avis d&rsquo;expulsion. Elles d\u00e9cident de r\u00e9sister et sont pr\u00eates \u00e0 tout pour maintenir leurs droits&#8230; quitte \u00e0 p\u00e9cher un peu, beaucoup&#8230;<br \/>\n<\/span><\/p>\n<p>&nbsp;<\/p>\n<h3><span style=\"color: #ffffff;\"><u><span style=\"color: #ffffff;\">Mise en sc\u00e8ne: C\u00e9line Cambier<\/span> <\/u><\/span><br \/>\n<u><\/u><\/h3>\n<p><span style=\"color: #ffffff;\">Le samedi 12 mai \u00e0 20h et le dimanche 13 mai 2018 \u00e0 17h30<\/span><br \/>\n<span style=\"color: #ffffff;\"> \u00e0 la salle Forum du Coll\u00e8ge Notre-Dame rue Blandinoise, 23 \u00e0 Tournai<\/span><\/p>\n<p><span style=\"color: #ffffff;\">Entr\u00e9e payante:<\/span><br \/>\n<span style=\"color: #ffffff;\"> &#8211; enfants : 3,00 \u20ac<\/span><br \/>\n<span style=\"color: #ffffff;\"> &#8211; \u00e9tudiants : 7,00 \u20ac<\/span><br \/>\n<span style=\"color: #ffffff;\"> &#8211; adultes : 10,00 \u20ac<\/span><\/p>\n<p><span style=\"color: #ffffff;\">Entr\u00e9e gratuite pour les membres de la Mj Port&rsquo;Ouverte et Luch&rsquo;Ouverte.<\/span><\/p>\n<p><span style=\"color: #ffffff;\">Info: info@lesenfantsdarto.be<\/span><\/p>\n<p>&nbsp;<\/p>\n<p><img loading=\"lazy\" decoding=\"async\" class=\"alignleft wp-image-594\" src=\"https:\/\/www.lesenfantsdarto.be\/ledao\/wp-content\/uploads\/2018\/04\/fb2-300x157.jpg\" alt=\"\" width=\"500\" height=\"262\" srcset=\"https:\/\/www.lesenfantsdarto.be\/ledao\/wp-content\/uploads\/2018\/04\/fb2-300x157.jpg 300w, https:\/\/www.lesenfantsdarto.be\/ledao\/wp-content\/uploads\/2018\/04\/fb2-768x402.jpg 768w, https:\/\/www.lesenfantsdarto.be\/ledao\/wp-content\/uploads\/2018\/04\/fb2-1024x536.jpg 1024w, https:\/\/www.lesenfantsdarto.be\/ledao\/wp-content\/uploads\/2018\/04\/fb2-620x325.jpg 620w, https:\/\/www.lesenfantsdarto.be\/ledao\/wp-content\/uploads\/2018\/04\/fb2.jpg 1920w\" sizes=\"auto, (max-width: 500px) 100vw, 500px\" \/><\/p>\n<!-- AddThis Advanced Settings generic via filter on the_content --><!-- AddThis Share Buttons generic via filter on the_content -->","protected":false},"excerpt":{"rendered":"<p>\u00ab Ainsi soient-elles? \u00bb une com\u00e9die de Eric Beauvillain. &nbsp; R\u00e9sum\u00e9 Des s\u0153urs vivent tranquillement dans un couvent. Mais un jour, elles re\u00e7oivent un avis d&rsquo;expulsion. Elles d\u00e9cident de r\u00e9sister et sont pr\u00eates \u00e0 tout pour maintenir leurs droits&#8230; quitte \u00e0 p\u00e9cher un peu, beaucoup&#8230; &nbsp; Mise en sc\u00e8ne: C\u00e9line Cambier Le samedi 12 mai [&hellip;]<!-- AddThis Advanced Settings generic via filter on get_the_excerpt --><!-- AddThis Share Buttons generic via filter on get_the_excerpt --><\/p>\n","protected":false},"author":1,"featured_media":0,"parent":0,"menu_order":0,"comment_status":"closed","ping_status":"closed","template":"","meta":{"footnotes":""},"class_list":["post-484","page","type-page","status-publish","hentry"],"_links":{"self":[{"href":"https:\/\/www.lesenfantsdarto.be\/ledao\/wp-json\/wp\/v2\/pages\/484","targetHints":{"allow":["GET"]}}],"collection":[{"href":"https:\/\/www.lesenfantsdarto.be\/ledao\/wp-json\/wp\/v2\/pages"}],"about":[{"href":"https:\/\/www.lesenfantsdarto.be\/ledao\/wp-json\/wp\/v2\/types\/page"}],"author":[{"embeddable":true,"href":"https:\/\/www.lesenfantsdarto.be\/ledao\/wp-json\/wp\/v2\/users\/1"}],"replies":[{"embeddable":true,"href":"https:\/\/www.lesenfantsdarto.be\/ledao\/wp-json\/wp\/v2\/comments?post=484"}],"version-history":[{"count":8,"href":"https:\/\/www.lesenfantsdarto.be\/ledao\/wp-json\/wp\/v2\/pages\/484\/revisions"}],"predecessor-version":[{"id":600,"href":"https:\/\/www.lesenfantsdarto.be\/ledao\/wp-json\/wp\/v2\/pages\/484\/revisions\/600"}],"wp:attachment":[{"href":"https:\/\/www.lesenfantsdarto.be\/ledao\/wp-json\/wp\/v2\/media?parent=484"}],"curies":[{"name":"wp","href":"https:\/\/api.w.org\/{rel}","templated":true}]}}

<h2><span style="color: #ffffff;">« Ainsi soient-elles? » une comédie de Eric Beauvillain.</span></h2>
<p>&nbsp;</p>
<h3><span style="color: #ffffff;"><u>Résumé </u></span></h3>
<p><span style="color: #ffffff;">Des sœurs vivent tranquillement dans un couvent. Mais un jour, elles reçoivent un avis d&rsquo;expulsion. Elles décident de résister et sont prêtes à tout pour maintenir leurs droits&#8230; quitte à pécher un peu, beaucoup&#8230;<br />
</span></p>
<p>&nbsp;</p>
<h3><span style="color: #ffffff;"><u><span style="color: #ffffff;">Mise en scène: Céline Cambier</span> </u></span><br />
<u></u></h3>
<p><span style="color: #ffffff;">Le samedi 12 mai à 20h et le dimanche 13 mai 2018 à 17h30</span><br />
<span style="color: #ffffff;"> à la salle Forum du Collège Notre-Dame rue Blandinoise, 23 à Tournai</span></p>
<p><span style="color: #ffffff;">Entrée payante:</span><br />
<span style="color: #ffffff;"> &#8211; enfants : 3,00 €</span><br />
<span style="color: #ffffff;"> &#8211; étudiants : 7,00 €</span><br />
<span style="color: #ffffff;"> &#8211; adultes : 10,00 €</span></p>
<p><span style="color: #ffffff;">Entrée gratuite pour les membres de la Mj Port&rsquo;Ouverte et Luch&rsquo;Ouverte.</span></p>
<p><span style="color: #ffffff;">Info: info@lesenfantsdarto.be</span></p>
<p>&nbsp;</p>
<p><img loading="lazy" decoding="async" class="alignleft wp-image-594" src="https://www.lesenfantsdarto.be/ledao/wp-content/uploads/2018/04/fb2-300x157.jpg" alt="" width="500" height="262" srcset="https://www.lesenfantsdarto.be/ledao/wp-content/uploads/2018/04/fb2-300x157.jpg 300w, https://www.lesenfantsdarto.be/ledao/wp-content/uploads/2018/04/fb2-768x402.jpg 768w, https://www.lesenfantsdarto.be/ledao/wp-content/uploads/2018/04/fb2-1024x536.jpg 1024w, https://www.lesenfantsdarto.be/ledao/wp-content/uploads/2018/04/fb2-620x325.jpg 620w, https://www.lesenfantsdarto.be/ledao/wp-content/uploads/2018/04/fb2.jpg 1920w" sizes="auto, (max-width: 500px) 100vw, 500px" /></p>
<!-- AddThis Advanced Settings generic via filter on the_content --><!-- AddThis Share Buttons generic via filter on the_content -->

<p>« Ainsi soient-elles? » une comédie de Eric Beauvillain. &nbsp; Résumé Des sœurs vivent tranquillement dans un couvent. Mais un jour, elles reçoivent un avis d&rsquo;expulsion. Elles décident de résister et sont prêtes à tout pour maintenir leurs droits&#8230; quitte à pécher un peu, beaucoup&#8230; &nbsp; Mise en scène: Céline Cambier Le samedi 12 mai [&hellip;]<!-- AddThis Advanced Settings generic via filter on get_the_excerpt --><!-- AddThis Share Buttons generic via filter on get_the_excerpt --></p>
