{"id":30,"date":"2016-06-03T11:36:12","date_gmt":"2016-06-03T10:36:12","guid":{"rendered":"http:\/\/lesenfantsdarto.be\/ledao\/?page_id=30"},"modified":"2026-03-26T11:02:37","modified_gmt":"2026-03-26T10:02:37","slug":"stages","status":"publish","type":"page","link":"https:\/\/www.lesenfantsdarto.be\/ledao\/stages\/","title":{"rendered":"Stages Vacances"},"content":{"rendered":"<h1><span style=\"color: #ffffff;\"><strong><a href=\"https:\/\/www.lesenfantsdarto.be\/ledao\/stages\/\"><span style=\"text-decoration: underline;\"><span style=\"color: #ffffff; text-decoration: underline;\">Stage cr\u00e9ations: th\u00e9\u00e2tre et cuisine-artistique<\/span><\/span><\/a><br \/>\n<\/strong><\/span><\/h1>\n<p>&nbsp;<br \/>\n<span style=\"color: #ffffff; text-decoration: underline;\">16\/02 au 20\/02\/2026:<\/span><span style=\"color: #ffffff;\"><\/span><br \/>\n<span style=\"color: #ffffff;\">de 9h \u00e0 16h \/ 6-12 ans &#8211;&gt; 100\u20ac<\/span><br \/>\n<span style=\"color: #ffffff;\">garderie: 8h-17h<\/span><br \/>\n<span style=\"color: #ffffff;\">A l\u2019\u00e9cole Saint-Eloi chauss\u00e9e de Lannoy, 144B \u00e0 Froyennes<\/span><\/p>\n<p><span style=\"color: #ffffff;\"><a href=\"https:\/\/www.lesenfantsdarto.be\"><span style=\"text-decoration: underline;\"><span style=\"color: #ffffff; text-decoration: underline;\">Complet!<\/span><\/span><\/a><\/span><\/p>\n<p>&nbsp;<br \/>\n<span style=\"color: #ffffff; text-decoration: underline;\">27\/04 au 30\/04\/2026:<\/span><span style=\"color: #ffffff;\"><\/span><br \/>\n<span style=\"color: #ffffff;\">de 9h \u00e0 16h \/ 6-12 ans &#8211;&gt; 80\u20ac (4 jours)<\/span><br \/>\n<span style=\"color: #ffffff;\">garderie: 8h-17h<\/span><br \/>\n<span style=\"color: #ffffff;\">A l\u2019\u00e9cole Saint-Eloi chauss\u00e9e de Lannoy, 144B \u00e0 Froyennes<\/span><\/p>\n<p><span style=\"color: #ffffff;\"><a href=\"https:\/\/forms.gle\/sAvVH8rGLXRgfQJz5\"><span style=\"text-decoration: underline;\"><span style=\"color: #ffffff; text-decoration: underline;\">Inscriptions : cliquez ici.<\/span><\/span><\/a><\/span><\/p>\n<p>&nbsp;<br \/>\n<span style=\"color: #ffffff; text-decoration: underline;\">06\/07 au 10\/07\/2026:<\/span><span style=\"color: #ffffff;\"><\/span><br \/>\n<span style=\"color: #ffffff;\">de 9h \u00e0 16h \/ 6-12 ans &#8211;&gt; 100\u20ac<\/span><br \/>\n<span style=\"color: #ffffff;\">garderie: 8h-17h<\/span><br \/>\n<span style=\"color: #ffffff;\">A l\u2019\u00e9cole Saint-Eloi chauss\u00e9e de Lannoy, 144B \u00e0 Froyennes<\/span><\/p>\n<p><span style=\"color: #ffffff;\"><a href=\"https:\/\/forms.gle\/HfTZABx8zTqE5hNMA\"><span style=\"text-decoration: underline;\"><span style=\"color: #ffffff; text-decoration: underline;\">Inscriptions : cliquez ici.<\/span><\/span><\/a><\/span><\/p>\n<p>&nbsp;<br \/>\n<span style=\"color: #ffffff; text-decoration: underline;\">13\/07 au 17\/07\/2026:<\/span><span style=\"color: #ffffff;\"><\/span><br \/>\n<span style=\"color: #ffffff;\">de 9h \u00e0 16h \/ 8-12 ans &#8211;&gt; 180\u20ac (150\u20ac membres)<\/span><br \/>\n<span style=\"color: #ffffff;\">Stage  th\u00e9\u00e2tre \u00e9quitation<\/span><br \/>\n<span style=\"color: #ffffff;\">A l&rsquo;\u00c9curie du Vert-Bois, rue du Vert-Bois 72, B\u00e9clerss<\/span><\/p>\n<p><span style=\"color: #ffffff;\"><a href=\"https:\/\/forms.gle\/Y6pc5qhkAdJeLLYu8\/\"><span style=\"text-decoration: underline;\"><span style=\"color: #ffffff; text-decoration: underline;\">Inscriptions : cliquez ici.<\/span><\/span><\/a><\/span><\/p>\n<p>&nbsp;<br \/>\n<span style=\"color: #ffffff; text-decoration: underline;\">27\/07 au 31\/07\/2026:<\/span><span style=\"color: #ffffff;\"><\/span><br \/>\n<span style=\"color: #ffffff;\">de 9h \u00e0 16h \/ 6-12 ans &#8211;&gt; 100\u20ac<\/span><br \/>\n<span style=\"color: #ffffff;\">garderie: 8h-17h<\/span><br \/>\n<span style=\"color: #ffffff;\">A l\u2019\u00e9cole Saint-Eloi chauss\u00e9e de Lannoy, 144B \u00e0 Froyennes<\/span><\/p>\n<p><span style=\"color: #ffffff;\"><a href=\"https:\/\/forms.gle\/NP3WLBaePdzve79J8\"><span style=\"text-decoration: underline;\"><span style=\"color: #ffffff; text-decoration: underline;\">Inscriptions : cliquez ici.<\/span><\/span><\/a><\/span><\/p>\n<p>&nbsp;<br \/>\n<span style=\"color: #ffffff; text-decoration: underline;\">17\/08 au 21\/08\/2026:<\/span><span style=\"color: #ffffff;\"><\/span><br \/>\n<span style=\"color: #ffffff;\">de 9h \u00e0 16h \/ 6-12 ans &#8211;&gt; 100\u20ac<\/span><br \/>\n<span style=\"color: #ffffff;\">garderie: 8h-17h<\/span><br \/>\n<span style=\"color: #ffffff;\">A l\u2019\u00e9cole Saint-Eloi chauss\u00e9e de Lannoy, 144B \u00e0 Froyennes<\/span><\/p>\n<p><span style=\"color: #ffffff;\"><a href=\"https:\/\/forms.gle\/sfHhXXDDFRpX3DR66\"><span style=\"text-decoration: underline;\"><span style=\"color: #ffffff; text-decoration: underline;\">Inscriptions : cliquez ici.<\/span><\/span><\/a><\/span><\/p>\n<p>&nbsp;<br \/>\n&nbsp;<\/p>\n<h2><span style=\"color: #000000;\">Stages th\u00e9\u00e2tre \u00e0 Tournai, stages \u00e9t\u00e9, stage \u00e9t\u00e9, stages enfants d\u00e9couverte, stage cin\u00e9ma, enfants, stage enfant tournai, stage vacances, zebracademy, z\u00e8bre academy<\/span><\/h2>\n<!-- AddThis Advanced Settings generic via filter on the_content --><!-- AddThis Share Buttons generic via filter on the_content -->","protected":false},"excerpt":{"rendered":"<p>Stage cr\u00e9ations: th\u00e9\u00e2tre et cuisine-artistique &nbsp; 16\/02 au 20\/02\/2026: de 9h \u00e0 16h \/ 6-12 ans &#8211;&gt; 100\u20ac garderie: 8h-17h A l\u2019\u00e9cole Saint-Eloi chauss\u00e9e de Lannoy, 144B \u00e0 Froyennes Complet! &nbsp; 27\/04 au 30\/04\/2026: de 9h \u00e0 16h \/ 6-12 ans &#8211;&gt; 80\u20ac (4 jours) garderie: 8h-17h A l\u2019\u00e9cole Saint-Eloi chauss\u00e9e de Lannoy, 144B \u00e0 [&hellip;]<!-- AddThis Advanced Settings generic via filter on get_the_excerpt --><!-- AddThis Share Buttons generic via filter on get_the_excerpt --><\/p>\n","protected":false},"author":1,"featured_media":0,"parent":0,"menu_order":0,"comment_status":"closed","ping_status":"closed","template":"","meta":{"footnotes":""},"class_list":["post-30","page","type-page","status-publish","hentry"],"_links":{"self":[{"href":"https:\/\/www.lesenfantsdarto.be\/ledao\/wp-json\/wp\/v2\/pages\/30","targetHints":{"allow":["GET"]}}],"collection":[{"href":"https:\/\/www.lesenfantsdarto.be\/ledao\/wp-json\/wp\/v2\/pages"}],"about":[{"href":"https:\/\/www.lesenfantsdarto.be\/ledao\/wp-json\/wp\/v2\/types\/page"}],"author":[{"embeddable":true,"href":"https:\/\/www.lesenfantsdarto.be\/ledao\/wp-json\/wp\/v2\/users\/1"}],"replies":[{"embeddable":true,"href":"https:\/\/www.lesenfantsdarto.be\/ledao\/wp-json\/wp\/v2\/comments?post=30"}],"version-history":[{"count":68,"href":"https:\/\/www.lesenfantsdarto.be\/ledao\/wp-json\/wp\/v2\/pages\/30\/revisions"}],"predecessor-version":[{"id":1347,"href":"https:\/\/www.lesenfantsdarto.be\/ledao\/wp-json\/wp\/v2\/pages\/30\/revisions\/1347"}],"wp:attachment":[{"href":"https:\/\/www.lesenfantsdarto.be\/ledao\/wp-json\/wp\/v2\/media?parent=30"}],"curies":[{"name":"wp","href":"https:\/\/api.w.org\/{rel}","templated":true}]}}