{"id":20,"date":"2016-06-03T11:17:58","date_gmt":"2016-06-03T10:17:58","guid":{"rendered":"http:\/\/lesenfantsdarto.be\/ledao\/?page_id=20"},"modified":"2025-09-02T10:24:46","modified_gmt":"2025-09-02T09:24:46","slug":"ateliers-theatre","status":"publish","type":"page","link":"https:\/\/www.lesenfantsdarto.be\/ledao\/ateliers-theatre\/","title":{"rendered":"Ateliers th\u00e9\u00e2tre"},"content":{"rendered":"<h1><span style=\"color: #ffffff;\">Ateliers th\u00e9\u00e2tre<\/span><\/h1>\n<p><span style=\"color: #ffffff;\">S&rsquo;exprimer et s&rsquo;affirmer \u00ab\u00a0en jouant\u00a0\u00bb.<\/span><br \/>\n<span style=\"color: #ffffff;\">Exercices corps-voix et pr\u00e9sentation d&rsquo;une pi\u00e8ce de th\u00e9\u00e2tre.<\/span><br \/>\n<span style=\"color: #ffffff;\">Ateliers th\u00e9\u00e2tre et stages avec des professionnels bienveillants.<\/span><br \/>\n&nbsp;<br \/>\n<span style=\"color: #ffffff;\">\u00ab Le th\u00e9\u00e2tre est \u00e0 port\u00e9e de tous! Nous pouvons nous surpasser. \u00bb<\/span><\/p>\n<p>&nbsp;<\/p>\n<h2><span style=\"text-decoration: underline; color: #ffffff;\">Rentr\u00e9e ateliers th\u00e9\u00e2tre 2025-2026<\/span><\/h2>\n<p><span style=\"color: #ffffff;\">Ateliers ados :        mardi  19h00 &#8211; 20h30  le 23 septembre <strong>( 15 &#8211; 17 ans )<\/strong><\/span><br \/>\n<span style=\"color: #ffffff;\">Ateliers ados :        lundi 19h00 &#8211; 20h30 le 22 septembre <strong>( 12 &#8211; 14 ans )<\/strong><\/span><\/p>\n<p><span style=\"color: #ffffff;\">Ateliers adultes :    mardi  20h30 &#8211; 22h30  le 23 septembre<\/span><\/p>\n<p><span style=\"color: #ffffff;\">Ateliers enfants :    samedi 09h00 &#8211; 10h30   le 4 octobre <strong>( 5 &#8211; 8 ans )<\/strong><\/span><br \/>\n<span style=\"color: #ffffff;\">                               samedi 10h45 &#8211; 12h15   le 4 octobre <strong>( 9 &#8211; 12 ans ) <\/strong><\/span><br \/>\n<span style=\"color: #ffffff;\">                              samedi 13h00 &#8211; 14h30 le 4 octobre <strong>( 6 &#8211; 12 ans )<\/strong><\/span><\/p>\n<p><span style=\"color: #ffffff;\">\u00a0<\/span><\/p>\n<p>&nbsp;<\/p>\n<h3><span style=\"color: #ffffff;\"><strong>O\u00f9 ?<\/strong><\/span><\/h3>\n<p><span style=\"color: #ffffff;\">\u00c0 la maison de jeunes Port&rsquo; Ouverte<\/span><br \/>\n<span style=\"color: #ffffff;\">avenue Minjean, 9\u00a0 \u00e0 7500 Tournai<\/span><\/p>\n<p>&nbsp;<\/p>\n<h2><span style=\"text-decoration: underline; color: #ffffff;\">Rentr\u00e9e ateliers th\u00e9\u00e2tre 2025-2026 Kain<\/span><\/h2>\n<p><span style=\"color: #ffffff;\">Ateliers <strong>( 6 &#8211; 9 ans )<\/strong> :          mercredi  14h00 &#8211; 15h30 <\/span><br \/>\n<span style=\"color: #ffffff;\">Ateliers <strong>( 10 &#8211; 12 ans )<\/strong> :        mercredi  15h30 &#8211; 17h00 <\/span><br \/>\n<span style=\"color: #ffffff;\">Ateliers <strong>( 13 &#8211; 15 ans )<\/strong> :        mercredi  17h00 &#8211; 18h30 <\/span><br \/>\n<span style=\"color: #ffffff;\">Ateliers <strong>( 16 &#8211; 18 ans )<\/strong> :        mercredi  18h30 &#8211; 20h00 <\/span><\/p>\n<p><span style=\"color: #ffffff;\">\u00a0<\/span><\/p>\n<p>&nbsp;<\/p>\n<h3><span style=\"color: #ffffff;\"><strong>O\u00f9 ?<\/strong><\/span><\/h3>\n<p><span style=\"color: #ffffff;\">Au coll\u00e8ge Notre-Dame de Kain<\/span><br \/>\n<span style=\"color: #ffffff;\">rue Abb\u00e9 Dropsy \u00e0 Kain<\/span><\/p>\n<p>&nbsp;<\/p>\n<h3><span style=\"color: #ffffff;\"><strong>Cotisations:<\/strong><\/span><\/h3>\n<p><span style=\"color: #ffffff;\">atelier 1h30 \/ semaine (th\u00e9\u00e2tre ados et enfants): 65 euros \/p\u00e9riode, 195 par an<\/span><\/p>\n<p><span style=\"color: #ffffff;\">atelier 2h \/ semaine (th\u00e9\u00e2tre adultes): 75 euros \/p\u00e9riode 225, par an<\/span><\/p>\n<p><span style=\"color: #ffffff;\">assurance et cotisation Port&rsquo; Ouverte : 5 euros \/ann\u00e9e civile<\/span><\/p>\n<p><span style=\"color: #ffffff;\">un an d&rsquo;atelier comprend 3 p\u00e9riodes<\/span><\/p>\n<p>&nbsp;<\/p>\n<p><span style=\"color: #ffffff;\"><em><span style=\"text-decoration: underline;\">Pourquoi du th\u00e9\u00e2tre pour les enfants ?<\/span><\/em><\/span><\/p>\n<p><span style=\"color: #ffffff;\"><em>Cette approche th\u00e9\u00e2trale est bas\u00e9e sur des exercices ludiques individuels ou collectifs, de l\u2019improvisation et des courtes pi\u00e8ces. En plus des diverses techniques th\u00e9\u00e2trales, les enfants apprendront \u00e0 d\u00e9velopper leur imagination, prendre confiance en eux, canaliser leur \u00e9nergie, leurs \u00e9motions, prendre la parole en public, et \u00e0 avoir conscience de leur corps et de leur voix. Le th\u00e9\u00e2tre d\u00e9veloppe l\u2019individu dans la collectivit\u00e9. Un spectacle cl\u00f4turera l&rsquo;ann\u00e9e th\u00e9\u00e2trale.<\/em><\/span><\/p>\n<!-- AddThis Advanced Settings generic via filter on the_content --><!-- AddThis Share Buttons generic via filter on the_content -->","protected":false},"excerpt":{"rendered":"<p>Ateliers th\u00e9\u00e2tre S&rsquo;exprimer et s&rsquo;affirmer \u00ab\u00a0en jouant\u00a0\u00bb. Exercices corps-voix et pr\u00e9sentation d&rsquo;une pi\u00e8ce de th\u00e9\u00e2tre. Ateliers th\u00e9\u00e2tre et stages avec des professionnels bienveillants. &nbsp; \u00ab Le th\u00e9\u00e2tre est \u00e0 port\u00e9e de tous! Nous pouvons nous surpasser. \u00bb &nbsp; Rentr\u00e9e ateliers th\u00e9\u00e2tre 2025-2026 Ateliers ados : mardi 19h00 &#8211; 20h30 le 23 septembre ( 15 &#8211; [&hellip;]<!-- AddThis Advanced Settings generic via filter on get_the_excerpt --><!-- AddThis Share Buttons generic via filter on get_the_excerpt --><\/p>\n","protected":false},"author":1,"featured_media":0,"parent":0,"menu_order":0,"comment_status":"closed","ping_status":"closed","template":"","meta":{"footnotes":""},"class_list":["post-20","page","type-page","status-publish","hentry"],"_links":{"self":[{"href":"https:\/\/www.lesenfantsdarto.be\/ledao\/wp-json\/wp\/v2\/pages\/20","targetHints":{"allow":["GET"]}}],"collection":[{"href":"https:\/\/www.lesenfantsdarto.be\/ledao\/wp-json\/wp\/v2\/pages"}],"about":[{"href":"https:\/\/www.lesenfantsdarto.be\/ledao\/wp-json\/wp\/v2\/types\/page"}],"author":[{"embeddable":true,"href":"https:\/\/www.lesenfantsdarto.be\/ledao\/wp-json\/wp\/v2\/users\/1"}],"replies":[{"embeddable":true,"href":"https:\/\/www.lesenfantsdarto.be\/ledao\/wp-json\/wp\/v2\/comments?post=20"}],"version-history":[{"count":55,"href":"https:\/\/www.lesenfantsdarto.be\/ledao\/wp-json\/wp\/v2\/pages\/20\/revisions"}],"predecessor-version":[{"id":1325,"href":"https:\/\/www.lesenfantsdarto.be\/ledao\/wp-json\/wp\/v2\/pages\/20\/revisions\/1325"}],"wp:attachment":[{"href":"https:\/\/www.lesenfantsdarto.be\/ledao\/wp-json\/wp\/v2\/media?parent=20"}],"curies":[{"name":"wp","href":"https:\/\/api.w.org\/{rel}","templated":true}]}}